{"id":11,"date":"2015-03-08T00:39:29","date_gmt":"2015-03-07T23:39:29","guid":{"rendered":"http:\/\/www.pzitb.put.poznan.pl\/?page_id=11"},"modified":"2024-06-03T13:38:32","modified_gmt":"2024-06-03T11:38:32","slug":"plan-zebran","status":"publish","type":"page","link":"https:\/\/www.pzitb.put.poznan.pl\/?page_id=11","title":{"rendered":"Plan zebra\u0144"},"content":{"rendered":"\n<p class=\"has-text-align-center\"> <em>Plan spotka\u0144 Ko\u0142a przy Politechnice Pozna\u0144skiej<\/em> <\/p>\n\n\n\n<p class=\"has-text-align-center\"> <em>w roku 2024:<\/em> <\/p>\n\n\n\n<p><\/p>\n\n\n\n<p style=\"font-size:18px\"><strong><em><strong>Uczestnicy procesu budowlanego \u2013 kto, kiedy i za co odpowiada?<\/strong><\/em><\/strong><\/p>\n\n\n\n<p><strong>Prelegent: mec. Urszuli Borowicz <\/strong><\/p>\n\n\n\n<p>Termin: wtorek,\u00a011 czerwca, sala 121 BL, godz. 17.00  <\/p>\n\n\n\n<p> &#8230;&#8230;&#8230;&#8230;&#8230;&#8230;<\/p>\n\n\n\n<p style=\"font-size:18px\"><strong><em>Bezpiecze\u0144stwo w budownictwie przy realizacji rob\u00f3t budowlanych<\/em><\/strong><\/p>\n\n\n\n<p><strong>Prelegenci: <strong>przedstawiciele Okr\u0119gowego Inspektoratu Pracy w Poznaniu<\/strong> <\/strong><\/p>\n\n\n\n<p>Termin: wtorek,&nbsp;14 maja, sala 120 BL, godz. 13.30  <\/p>\n\n\n\n<p> &#8230;&#8230;&#8230;&#8230;&#8230;&#8230;<\/p>\n\n\n\n<p><\/p>\n\n\n\n<p style=\"font-size:18px\"><strong><em>Projektowanie dla starzej\u0105cych si\u0119 spo\u0142ecze\u0144stw<\/em><\/strong><\/p>\n\n\n\n<p><strong>Prelegenci: <strong>prof. dr hab. in\u017c. arch. Agata Gawlak<\/strong><\/strong>,<strong> dr in\u017c. arch. Agnieszka Ptak &#8211; Wojciechowska <\/strong><\/p>\n\n\n\n<p>Termin: wtorek,&nbsp;30 kwietnia, sala 215 BL, godz. 17.00  <\/p>\n\n\n\n<p> &#8230;&#8230;&#8230;&#8230;&#8230;&#8230;<\/p>\n\n\n\n<p><\/p>\n\n\n\n<p style=\"font-size:18px\"><strong><em><strong>Zr\u00f3wnowa\u017cone budownictwo. Analiza izolacji termicznej. Piana PUR vs. We\u0142na mineralna<\/strong><\/em><\/strong><\/p>\n\n\n\n<p><strong>Prelegent: <strong>Marcin Grabowski, Najlepsza Izolacja, Asteco<\/strong> <\/strong><\/p>\n\n\n\n<p>Termin: niedziela,&nbsp;28 kwietnia, sala 123 BL, godz. 11.30  <\/p>\n\n\n\n<p> &#8230;&#8230;&#8230;&#8230;&#8230;&#8230;<\/p>\n\n\n\n<p><\/p>\n\n\n\n<p class=\"has-text-align-left\" style=\"font-size:18px\"><strong><em>Kolejowe mosty Poznania na linii E20<\/em><\/strong><\/p>\n\n\n\n<p class=\"has-text-align-left\"><strong>Prelegent: <strong>mgr in\u017c. Marek Jusik<\/strong><\/strong> <\/p>\n\n\n\n<p>Termin: wtorek,&nbsp;26 marca, sala 215 BL, godz. 17.00 <\/p>\n\n\n\n<p>  &#8230;&#8230;&#8230;&#8230;&#8230;&#8230; <\/p>\n\n\n\n<p><\/p>\n\n\n\n<p style=\"font-size:18px\"><strong><em>Innowacyjne technologie budowlane i infrastrukturalne&nbsp;w obszarach&nbsp;&nbsp;peryferyjnych&nbsp;&nbsp;autonomicznych wiosek podmiejskich<\/em><\/strong><\/p>\n\n\n\n<p><strong>Prelegent: prof. WSSIP dr in\u017c. arch. Roman Pilch<\/strong><\/p>\n\n\n\n<p>Termin:  wtorek,&nbsp;27 lutego, sala 215 BL, godz. 17.00 <\/p>\n\n\n\n<p>  &#8230;&#8230;&#8230;&#8230;&#8230;&#8230; <\/p>\n\n\n\n<hr class=\"wp-block-separator\"\/>\n\n\n\n<p><\/p>\n\n\n\n<p class=\"has-text-align-center\"><em>Plan spotka\u0144 Ko\u0142a przy Politechnice Pozna\u0144skiej<\/em><\/p>\n\n\n\n<p class=\"has-text-align-center\"><em>w roku 2023:<\/em><\/p>\n\n\n\n<p><strong>Modelowanie budynk\u00f3w w r\u00f3\u017cnych systemach klasy BIM &#8211; wnioski praktyczne dla in\u017cynier\u00f3w i pracy zespo\u0142owej<\/strong><\/p>\n\n\n\n<p><strong>Prelegent: dr in\u017c. Tomasz Wiatr<\/strong><\/p>\n\n\n\n<p>Termin: stycze\u0144<\/p>\n\n\n\n<p><\/p>\n\n\n\n<p><\/p>\n\n\n\n<p><strong>Problemy eksploatacyjne pozna\u0144skich budynk\u00f3w z wielkiej p\u0142yty<\/strong><\/p>\n\n\n\n<p><strong>Prelegent: dr in\u017c. Marcin Kanoniczak<\/strong><\/p>\n\n\n\n<p>Termin: luty<\/p>\n\n\n\n<p><\/p>\n\n\n\n<p><\/p>\n\n\n\n<p><strong>Bariery architektoniczne w budynkach wielkop\u0142ytowych i mo\u017cliwo\u015bci ich likwidacji<\/strong><\/p>\n\n\n\n<p><strong>Prelegent: dr in\u017c. Marcin Kanoniczak<\/strong><\/p>\n\n\n\n<p>Termin: marzec<\/p>\n\n\n\n<p><\/p>\n\n\n\n<p><\/p>\n\n\n\n<p><strong>Mo\u017cliwo\u015bci programu Advance Design firmy Graitec w projektowaniu konstrukcji stalowych oraz ich po\u0142\u0105czenia<\/strong><\/p>\n\n\n\n<p><strong>Prelegent: mgr in\u017c. Daniel Przybylski<\/strong><\/p>\n\n\n\n<p>Termin: kwiecie\u0144<\/p>\n\n\n\n<p><\/p>\n\n\n\n<p><\/p>\n\n\n\n<p><strong>Mo\u017cliwo\u015bci programu Advance Design firmy Graitec w projektowaniu konstrukcji \u017celbetowych<\/strong><\/p>\n\n\n\n<p><strong>Prelegent: mgr in\u017c. Daniel Przybylski<\/strong><\/p>\n\n\n\n<p>Termin: czerwiec<\/p>\n\n\n\n<p><\/p>\n\n\n\n<p><\/p>\n\n\n\n<p><strong>Nowoczesne techniki diagnostyczne materia\u0142\u00f3w i wyrob\u00f3w budowlanych<\/strong><\/p>\n\n\n\n<p><strong>Prelegent: mgr in\u017c. Maria Ratajczak<\/strong><\/p>\n\n\n\n<p>Termin: pa\u017adziernik<\/p>\n\n\n\n<p><\/p>\n\n\n\n<p><\/p>\n\n\n\n<p><strong>Nowelizacja prEN 1992-1-2 \u2013 zmiany w zakresie projektowania konstrukcji betonowych z uwagi na warunki po\u017carowe<\/strong><\/p>\n\n\n\n<p><strong>Prelegent: mgr in\u017c. Wojciech Szymku\u0107<\/strong><\/p>\n\n\n\n<p>Termin: listopad<\/p>\n\n\n\n<p><\/p>\n\n\n\n<hr class=\"wp-block-separator\"\/>\n\n\n\n<p class=\"has-text-align-center\">PLAN ZEBRA\u0143 W ROKU 2022<\/p>\n\n\n\n<p><strong><em>1.&nbsp;<\/em>Uczestnictwo w Mi\u0119dzynarodowych Targach Budownictwa i Architektury \u2013 BUDMA 2022 r.<\/strong><\/p>\n\n\n\n<p>Termin: 1-4 luty<\/p>\n\n\n\n<p><strong><em>2.&nbsp;<\/em>Balkony dostawne, balustrady i zabudowy. Prezentacja przedsi\u0119biorstwa Copal Sp. z o. o.<\/strong><\/p>\n\n\n\n<p><strong>Prelegent: dr in\u017c. Marcin Kanoniczak<\/strong><\/p>\n\n\n\n<p>Termin: marzec<\/p>\n\n\n\n<p><strong><em>3.&nbsp;<\/em>Termowizje metoda bezinwazyjnych bada\u0144 wytyczne prawne i wykonawcze<\/strong><\/p>\n\n\n\n<p><strong>Prelegent: dr in\u017c. Barbara Ksit<\/strong><\/p>\n\n\n\n<p>Termin: kwiecie\u0144<\/p>\n\n\n\n<p><strong><em>4.&nbsp;<\/em>Program Idea Statica Connection \u2013 Nowatorski spos\u00f3b wymiarowania i sprawdzania po\u0142\u0105cze\u0144 konstrukcji stalowych zgodny z EC3<\/strong><\/p>\n\n\n\n<p><strong>Prelegent: mgr in\u017c. Daniel Przybylski<\/strong><\/p>\n\n\n\n<p>Termin: maj<\/p>\n\n\n\n<p><strong><em>5.&nbsp;<\/em>Prefabrykacja w budownictwie kubaturowym<\/strong><\/p>\n\n\n\n<p><strong>Prelegent: dr in\u017c. Edmund Przyby\u0142owicz<\/strong><\/p>\n\n\n\n<p>Termin: czerwiec<\/p>\n\n\n\n<p><strong><em>6.&nbsp;<\/em>Bariery architektoniczne w budynkach wielkop\u0142ytowych i mo\u017cliwo\u015bci ich likwidacji<\/strong><\/p>\n\n\n\n<p><strong>Prelegent: dr in\u017c. Marcin Kanoniczak<\/strong><\/p>\n\n\n\n<p>Termin: wrzesie\u0144<\/p>\n\n\n\n<p><strong><em>7.&nbsp;<\/em>Nowoczesne techniki diagnostyczne materia\u0142\u00f3w i wyrob\u00f3w budowlanych<\/strong><\/p>\n\n\n\n<p><strong>Prelegent: mgr in\u017c. Maria Ratajczak<\/strong><\/p>\n\n\n\n<p>Termin: pa\u017adziernik<\/p>\n\n\n\n<p><strong><em>8.&nbsp;<\/em>Skuteczno\u015b\u0107 wt\u00f3rnych hydroizolacji poziomych wykonywanych metod\u0105 iniekcji chemicznej<\/strong><\/p>\n\n\n\n<p><strong>Prelegent: mgr in\u017c. Bartosz Monczy\u0144ski<\/strong><\/p>\n\n\n\n<p>Termin: listopad<\/p>\n\n\n\n<p><strong><em>9.&nbsp;<\/em>Projektowanie budynku hali produkcyjnej w uj\u0119ciu BIM. Studium modelownia w r\u00f3\u017cnych systemach klasy Open BIM.<\/strong><\/p>\n\n\n\n<p><strong>Prelegent: dr in\u017c. Tomasz Wiatr<\/strong><\/p>\n\n\n\n<p>Termin: listopad<\/p>\n\n\n\n<p><strong><em>10.&nbsp;<\/em>Prezentacja kalkulator\u00f3w obliczeniowych firmy Graitec Advance Design (\u015aciana, belka, s\u0142up stopa fundamentowa, po\u0142\u0105czenia stalowe)<\/strong><\/p>\n\n\n\n<p><strong>Prelegent: mgr in\u017c. Daniel Przybylski<\/strong><\/p>\n\n\n\n<p>Termin: grudzie\u0144<\/p>\n\n\n\n<p> <\/p>\n\n\n\n<hr class=\"wp-block-separator\"\/>\n\n\n\n<p class=\"has-text-align-center\"><em>Plan spotka\u0144 Ko\u0142a przy Politechnice Pozna\u0144skiej <\/em><\/p>\n\n\n\n<p class=\"has-text-align-center\"><em>w roku 2021:<\/em><\/p>\n\n\n\n<p class=\"has-text-align-left\">1. Projektowanie i zarz\u0105dzanie procesami w uj\u0119ciu Open BIM PL.&nbsp;Prezentacja efekt\u00f3w kszta\u0142cenia w latach 2016-2020.<\/p>\n\n\n\n<p>&nbsp;&nbsp;&nbsp;&nbsp;&nbsp;&nbsp;&nbsp;&nbsp;&nbsp;&nbsp;&nbsp;&nbsp; &nbsp;&nbsp; <strong>Prelegent: dr in\u017c. Tomasz Wiatr<\/strong><\/p>\n\n\n\n<p><strong>&nbsp;&nbsp;&nbsp;&nbsp;&nbsp;&nbsp;&nbsp;&nbsp;&nbsp;&nbsp;&nbsp;&nbsp;&nbsp;&nbsp; Termin: stycze\u0144<\/strong><\/p>\n\n\n\n<p>2. Problemy eksploatacyjne pozna\u0144skich budynk\u00f3w z wielkiej p\u0142yty.<\/p>\n\n\n\n<p><strong>&nbsp;&nbsp;&nbsp;&nbsp;&nbsp;&nbsp;&nbsp;&nbsp;&nbsp;&nbsp;&nbsp;&nbsp;&nbsp;&nbsp; Prelegent: dr in\u017c. Marcin Kanoniczak<\/strong><\/p>\n\n\n\n<p><strong>&nbsp;&nbsp;&nbsp;&nbsp;&nbsp;&nbsp;&nbsp;&nbsp;&nbsp;&nbsp;&nbsp;&nbsp;&nbsp;&nbsp; Termin: marzec<\/strong><\/p>\n\n\n\n<p>3. Prefabrykacja w budownictwie kubaturowym.<\/p>\n\n\n\n<p><strong>&nbsp;&nbsp;&nbsp;&nbsp;&nbsp;&nbsp;&nbsp;&nbsp;&nbsp;&nbsp;&nbsp;&nbsp;&nbsp;&nbsp; Prelegent: dr in\u017c. Edmund Przyby\u0142owicz<\/strong><\/p>\n\n\n\n<p><strong>&nbsp;&nbsp;&nbsp;&nbsp;&nbsp;&nbsp;&nbsp;&nbsp;&nbsp;&nbsp;&nbsp;&nbsp;&nbsp;&nbsp; Termin: kwiecie\u0144<\/strong><\/p>\n\n\n\n<p>4. Problemy eksploatacyjne pozna\u0144skich budynk\u00f3w z wielkiej p\u0142yty.<\/p>\n\n\n\n<p><strong>&nbsp;&nbsp;&nbsp;&nbsp;&nbsp;&nbsp;&nbsp;&nbsp;&nbsp;&nbsp;&nbsp;&nbsp;&nbsp;&nbsp; Prelegent: dr in\u017c. Marcin Kanoniczak<\/strong><\/p>\n\n\n\n<p><strong>&nbsp;&nbsp;&nbsp;&nbsp;&nbsp;&nbsp;&nbsp;&nbsp;&nbsp;&nbsp;&nbsp;&nbsp;&nbsp;&nbsp; Termin: maj<\/strong><\/p>\n\n\n\n<p>5. Mo\u017cliwo\u015bci programu Advance Design firmy Graitec w projektowaniu konstrukcji stalowych oraz ich po\u0142\u0105czenia.&nbsp;&nbsp;&nbsp;&nbsp;&nbsp;&nbsp;&nbsp;&nbsp;&nbsp;&nbsp;&nbsp;&nbsp;&nbsp;&nbsp;&nbsp;&nbsp;&nbsp;&nbsp;&nbsp;&nbsp;&nbsp;<\/p>\n\n\n\n<p><strong>&nbsp;&nbsp;&nbsp;&nbsp;&nbsp;&nbsp;&nbsp;&nbsp;&nbsp;&nbsp;&nbsp;&nbsp;&nbsp;&nbsp; Prelegent: mgr in\u017c. Daniel Przybylski<\/strong><\/p>\n\n\n\n<p><strong>&nbsp;&nbsp;&nbsp;&nbsp;&nbsp;&nbsp;&nbsp;&nbsp;&nbsp;&nbsp;&nbsp;&nbsp;&nbsp;&nbsp; Termin: czerwiec<\/strong><\/p>\n\n\n\n<p>6. Mo\u017cliwo\u015bci programu Advance Design firmy Graitec w projektowaniu konstrukcji \u017celbetowych.<\/p>\n\n\n\n<p><strong>&nbsp;&nbsp;&nbsp;&nbsp;&nbsp;&nbsp;&nbsp;&nbsp;&nbsp;&nbsp;&nbsp;&nbsp;&nbsp;&nbsp; Prelegent: mgr in\u017c. Daniel Przybylski<\/strong><\/p>\n\n\n\n<p><strong>&nbsp;&nbsp;&nbsp;&nbsp;&nbsp;&nbsp;&nbsp;&nbsp;&nbsp;&nbsp;&nbsp;&nbsp;&nbsp;&nbsp; Termin: pa\u017adziernik<\/strong><\/p>\n\n\n\n<p>7. Projektowanie budynku hali produkcyjnej w uj\u0119ciu BIM. Studium modelownia w r\u00f3\u017cnych systemach klasy Open BIM.<\/p>\n\n\n\n<p><strong>&nbsp;&nbsp;&nbsp;&nbsp;&nbsp;&nbsp;&nbsp;&nbsp;&nbsp;&nbsp;&nbsp;&nbsp;&nbsp;&nbsp; Prelegent: dr in\u017c. Tomasz Wiatr<\/strong><\/p>\n\n\n\n<p><strong>&nbsp;&nbsp;&nbsp;&nbsp;&nbsp;&nbsp;&nbsp;&nbsp;&nbsp;&nbsp;&nbsp;&nbsp;&nbsp;&nbsp; Termin: listopad<\/strong><\/p>\n\n\n\n<p>8. Spotkanie Gwiazdkowe<\/p>\n\n\n\n<p><strong>Termin: grudzie\u0144<\/strong><\/p>\n\n\n\n<p><\/p>\n\n\n\n<p><\/p>\n\n\n\n<p class=\"has-text-align-center\"><em>Plan spotka\u0144 Ko\u0142a nr 4 PZITB przy Politechnice Pozna\u0144skiej <\/em><\/p>\n\n\n\n<p class=\"has-text-align-center\"><em>w roku 2020:<\/em><\/p>\n\n\n\n<p><strong>1. BIM w programie Tekla Structures &#8211; modelowanie konstrukcji stalowych poprzez implementacj\u0119 gotowych komponent\u00f3w.<\/strong><\/p>\n\n\n\n<p><strong>Prelegent: mgr in\u017c. Daniel Przybylski<\/strong><\/p>\n\n\n\n<p><strong>Termin: 27 stycznia, godz. 15.00, sala 123 BT (bud. Biblioteki Technicznej PP)<\/strong><\/p>\n\n\n\n<p>2. Targi Budma 2020 \u2013 seminaria w czasie trwania targ\u00f3w organizowane przez CUTOB, WOIIB i inne firmy<\/p>\n\n\n\n<p>Termin: 4 &#8211; 7 lutego <\/p>\n\n\n\n<p>3. Historia budynk\u00f3w znajduj\u0105cych si\u0119 na terenie kampusu Politechniki Pozna\u0144skiej<\/p>\n\n\n\n<p>Prowadz\u0105cy: dr in\u017c. Marcin Kanoniczak<\/p>\n\n\n\n<p>Termin: marzec<\/p>\n\n\n\n<p>4. Prefabrykacja w budownictwie kubaturowym<\/p>\n\n\n\n<p>Prelegent: dr in\u017c. Edmund Przyby\u0142owicz <\/p>\n\n\n\n<p>Termin: 20 kwietnia, godz. 15.00, sala 123 BT<\/p>\n\n\n\n<p> 5. Historia budynk\u00f3w znajduj\u0105cych si\u0119 na terenie kampusu Politechniki Pozna\u0144skiej<\/p>\n\n\n\n<p>Prowadz\u0105cy: dr in\u017c. Marcin Kanoniczak<\/p>\n\n\n\n<p>Termin spotkania: maj<\/p>\n\n\n\n<p>6. Planowanie przedsi\u0119wzi\u0119\u0107 w uj\u0119ciu Open BIM PL. Prezentacja efekt\u00f3w kszta\u0142cenia w latach 2015-2020<\/p>\n\n\n\n<p> Prelegent: dr in\u017c. Tomasz Wiatr <\/p>\n\n\n\n<p>Termin: czerwiec <\/p>\n\n\n\n<p>7. Warsztaty i Konferencja: Rewitalizacja obszar\u00f3w zurbanizowanych infrastruktury kolejowej<\/p>\n\n\n\n<p>Termin: 10-12 wrze\u015bnia <\/p>\n\n\n\n<p> 8. Historia budynk\u00f3w znajduj\u0105cych si\u0119 na terenie kampusu Politechniki Pozna\u0144skiej<\/p>\n\n\n\n<p>Prowadz\u0105cy: dr in\u017c. Marcin Kanoniczak<\/p>\n\n\n\n<p>Termin: pa\u017adziernik<\/p>\n\n\n\n<p>9. Projektowanie budynk\u00f3w i budowli w BIM. Prezentacja przedmiotu obieralnego z programem Allplan<\/p>\n\n\n\n<p>  Prelegent: dr in\u017c. Tomasz Wiatr  <\/p>\n\n\n\n<p> Termin: listopad <\/p>\n\n\n\n<p>10. Spotkanie Gwiazdkowe<\/p>\n\n\n\n<p>Termin: grudzie\u0144<\/p>\n\n\n\n<p>Szczeg\u00f3\u0142owe terminy spotka\u0144 b\u0119d\u0105 ustalone z dwutygodniowym wyprzedzeniem, a&nbsp;informacja b\u0119dzie przes\u0142ana drog\u0105 mailow\u0105.<\/p>\n\n\n<hr>\n\n\n<ul class=\"wp-block-list\"><li>informacje bie\u017c\u0105ce w zak\u0142adce aktualno\u015bci: <strong><a href=\"https:\/\/www.pzitb.put.poznan.pl\">www.pzitb.put.poznan.pl<\/a><\/strong><\/li><\/ul>\n\n\n<hr>\n\n\n<p>*dodatkowo\nplanowane:<\/p>\n\n\n\n<p>&#8211; wycieczki\ntechniczne: Warszawa, Wa\u0142brzych<\/p>\n\n\n\n<p>&#8211; spotkania\nz przemys\u0142em\/otwarte wyk\u0142ady edukacyjne<\/p>\n\n\n\n<p>&#8211;\nzorganizowanie wyj\u015bcia integracyjnego<\/p>\n\n\n\n<p>( terminy ustalone na bie\u017c\u0105co podawane na stronie oraz drog\u0105 mailowa)<\/p>\n\n\n<hr>","protected":false},"excerpt":{"rendered":"<p>Plan spotka\u0144 Ko\u0142a przy Politechnice Pozna\u0144skiej w roku 2024: Uczestnicy procesu budowlanego \u2013 kto, kiedy i za co odpowiada? Prelegent: mec. Urszuli Borowicz Termin: wtorek,\u00a011 czerwca, sala 121 BL, godz. 17.00 &#8230;&#8230;&#8230;&#8230;&#8230;&#8230; Bezpiecze\u0144stwo w budownictwie przy realizacji rob\u00f3t budowlanych Prelegenci:&#8230;<br \/><a class=\"read-more-button\" href=\"https:\/\/www.pzitb.put.poznan.pl\/?page_id=11\">Read more<\/a><\/p>\n","protected":false},"author":1,"featured_media":0,"parent":0,"menu_order":5,"comment_status":"closed","ping_status":"closed","template":"","meta":{"footnotes":""},"class_list":["post-11","page","type-page","status-publish","hentry"],"_links":{"self":[{"href":"https:\/\/www.pzitb.put.poznan.pl\/index.php?rest_route=\/wp\/v2\/pages\/11","targetHints":{"allow":["GET"]}}],"collection":[{"href":"https:\/\/www.pzitb.put.poznan.pl\/index.php?rest_route=\/wp\/v2\/pages"}],"about":[{"href":"https:\/\/www.pzitb.put.poznan.pl\/index.php?rest_route=\/wp\/v2\/types\/page"}],"author":[{"embeddable":true,"href":"https:\/\/www.pzitb.put.poznan.pl\/index.php?rest_route=\/wp\/v2\/users\/1"}],"replies":[{"embeddable":true,"href":"https:\/\/www.pzitb.put.poznan.pl\/index.php?rest_route=%2Fwp%2Fv2%2Fcomments&post=11"}],"version-history":[{"count":54,"href":"https:\/\/www.pzitb.put.poznan.pl\/index.php?rest_route=\/wp\/v2\/pages\/11\/revisions"}],"predecessor-version":[{"id":840,"href":"https:\/\/www.pzitb.put.poznan.pl\/index.php?rest_route=\/wp\/v2\/pages\/11\/revisions\/840"}],"wp:attachment":[{"href":"https:\/\/www.pzitb.put.poznan.pl\/index.php?rest_route=%2Fwp%2Fv2%2Fmedia&parent=11"}],"curies":[{"name":"wp","href":"https:\/\/api.w.org\/{rel}","templated":true}]}}